{"id":57,"date":"2020-11-06T09:49:15","date_gmt":"2020-11-06T08:49:15","guid":{"rendered":"https:\/\/amisdesemur.org\/?page_id=57"},"modified":"2022-10-10T19:25:02","modified_gmt":"2022-10-10T17:25:02","slug":"bienvenue","status":"publish","type":"page","link":"https:\/\/amisdesemur.org\/","title":{"rendered":"Bienvenue"},"content":{"rendered":"\n<p>Notre association a \u00e9t\u00e9 cr\u00e9\u00e9e en 2015 avec pour objet social : la mise en valeur de la ville de Semur-en-Auxois, de son patrimoine historique, architectural, paysager et culturel. <\/p>\n\n\n\n<p><a rel=\"noreferrer noopener\" href=\"https:\/\/amisdesemur.org\/wp-content\/uploads\/2021\/02\/200910-Presentation-ADS-pour-livre.pdf\" target=\"_blank\"><span class=\"has-inline-color has-vivid-cyan-blue-color\"><strong>D\u00e9couvrez notre pr\u00e9sentation.<\/strong><\/span><\/a><\/p>\n\n\n\n<p>Nous sommes un groupe de passionn\u00e9s de notre ville, de son patrimoine magnifique, de sa<em> <\/em>vie culturelle. <\/p>\n\n\n\n<p><strong>Nous avons aujourd&#8217;hui 160 adh\u00e9rents actifs.<\/strong><\/p>\n\n\n\n<p>Les traces du pass\u00e9 sont fragiles et leur valeur est parfois m\u00e9connue.<\/p>\n\n\n\n<p>L\u2019h\u00e9ritage du pass\u00e9 lointain de Semur a surv\u00e9cu gr\u00e2ce aux soins attentifs de g\u00e9n\u00e9rations de semurois solidaires : la transmission de ce patrimoine aux g\u00e9n\u00e9rations \u00e0 venir est un devoir collectif incontournable.<\/p>\n\n\n\n<div class=\"wp-block-image\"><figure class=\"alignleft size-medium\"><img loading=\"lazy\" decoding=\"async\" width=\"300\" height=\"225\" src=\"https:\/\/amisdesemur.org\/wp-content\/uploads\/2020\/11\/Pont-des-Minimes-300x225.jpg\" alt=\"\" class=\"wp-image-42\" srcset=\"https:\/\/amisdesemur.org\/wp-content\/uploads\/2020\/11\/Pont-des-Minimes-300x225.jpg 300w, https:\/\/amisdesemur.org\/wp-content\/uploads\/2020\/11\/Pont-des-Minimes-768x576.jpg 768w, https:\/\/amisdesemur.org\/wp-content\/uploads\/2020\/11\/Pont-des-Minimes-1024x768.jpg 1024w, https:\/\/amisdesemur.org\/wp-content\/uploads\/2020\/11\/Pont-des-Minimes-1200x900.jpg 1200w, https:\/\/amisdesemur.org\/wp-content\/uploads\/2020\/11\/Pont-des-Minimes.jpg 1632w\" sizes=\"auto, (max-width: 300px) 100vw, 300px\" \/><\/figure><\/div>\n\n\n\n<p>La protection et la mise en valeur du patrimoine de Semur-en-Auxois est une promesse de revitalisation de l\u2019\u00e9conomie de la ville.<\/p>\n\n\n\n<p>L\u2019association des Amis de Semur a d\u00e9j\u00e0 initi\u00e9 plusieurs projets sp\u00e9cifiques de restauration. Elle s\u2019applique au partage de leurs exp\u00e9riences et prodigue des conseils \u00e0 destination des porteurs de projets.<br><\/p>\n\n\n\n<p>L\u2019association peut aussi apporter des conseils sur les aides financi\u00e8res et les avantages fiscaux dont le demandeur peut \u00e9ventuellement b\u00e9n\u00e9ficier.<br><\/p>\n\n\n\n<p>L\u2019association, qui diffuse une documentation pratique sp\u00e9cialis\u00e9e (murs en pierres s\u00e8ches\u2026, couleurs et mat\u00e9riaux).<\/p>\n\n\n\n<p>Elle sera repr\u00e9sent\u00e9e \u00e0 la Commission Locale, participera \u00e0 ses travaux.<\/p>\n","protected":false},"excerpt":{"rendered":"<p>Notre association a \u00e9t\u00e9 cr\u00e9\u00e9e en 2015 avec pour objet social : la mise en valeur de la ville de Semur-en-Auxois, de son patrimoine historique, architectural, paysager et culturel. D\u00e9couvrez notre pr\u00e9sentation. Nous sommes un groupe de passionn\u00e9s de notre<\/p>\n","protected":false},"author":1,"featured_media":0,"parent":0,"menu_order":0,"comment_status":"closed","ping_status":"closed","template":"","meta":{"ngg_post_thumbnail":0,"footnotes":""},"class_list":["post-57","page","type-page","status-publish","hentry"],"_links":{"self":[{"href":"https:\/\/amisdesemur.org\/index.php\/wp-json\/wp\/v2\/pages\/57","targetHints":{"allow":["GET"]}}],"collection":[{"href":"https:\/\/amisdesemur.org\/index.php\/wp-json\/wp\/v2\/pages"}],"about":[{"href":"https:\/\/amisdesemur.org\/index.php\/wp-json\/wp\/v2\/types\/page"}],"author":[{"embeddable":true,"href":"https:\/\/amisdesemur.org\/index.php\/wp-json\/wp\/v2\/users\/1"}],"replies":[{"embeddable":true,"href":"https:\/\/amisdesemur.org\/index.php\/wp-json\/wp\/v2\/comments?post=57"}],"version-history":[{"count":5,"href":"https:\/\/amisdesemur.org\/index.php\/wp-json\/wp\/v2\/pages\/57\/revisions"}],"predecessor-version":[{"id":322,"href":"https:\/\/amisdesemur.org\/index.php\/wp-json\/wp\/v2\/pages\/57\/revisions\/322"}],"wp:attachment":[{"href":"https:\/\/amisdesemur.org\/index.php\/wp-json\/wp\/v2\/media?parent=57"}],"curies":[{"name":"wp","href":"https:\/\/api.w.org\/{rel}","templated":true}]}}

<p>Notre association a été créée en 2015 avec pour objet social : la mise en valeur de la ville de Semur-en-Auxois, de son patrimoine historique, architectural, paysager et culturel. </p>



<p><a rel="noreferrer noopener" href="https://amisdesemur.org/wp-content/uploads/2021/02/200910-Presentation-ADS-pour-livre.pdf" target="_blank"><span class="has-inline-color has-vivid-cyan-blue-color"><strong>Découvrez notre présentation.</strong></span></a></p>



<p>Nous sommes un groupe de passionnés de notre ville, de son patrimoine magnifique, de sa<em> </em>vie culturelle. </p>



<p><strong>Nous avons aujourd&#8217;hui 160 adhérents actifs.</strong></p>



<p>Les traces du passé sont fragiles et leur valeur est parfois méconnue.</p>



<p>L’héritage du passé lointain de Semur a survécu grâce aux soins attentifs de générations de semurois solidaires : la transmission de ce patrimoine aux générations à venir est un devoir collectif incontournable.</p>



<div class="wp-block-image"><figure class="alignleft size-medium"><img loading="lazy" decoding="async" width="300" height="225" src="https://amisdesemur.org/wp-content/uploads/2020/11/Pont-des-Minimes-300x225.jpg" alt="" class="wp-image-42" srcset="https://amisdesemur.org/wp-content/uploads/2020/11/Pont-des-Minimes-300x225.jpg 300w, https://amisdesemur.org/wp-content/uploads/2020/11/Pont-des-Minimes-768x576.jpg 768w, https://amisdesemur.org/wp-content/uploads/2020/11/Pont-des-Minimes-1024x768.jpg 1024w, https://amisdesemur.org/wp-content/uploads/2020/11/Pont-des-Minimes-1200x900.jpg 1200w, https://amisdesemur.org/wp-content/uploads/2020/11/Pont-des-Minimes.jpg 1632w" sizes="auto, (max-width: 300px) 100vw, 300px" /></figure></div>



<p>La protection et la mise en valeur du patrimoine de Semur-en-Auxois est une promesse de revitalisation de l’économie de la ville.</p>



<p>L’association des Amis de Semur a déjà initié plusieurs projets spécifiques de restauration. Elle s’applique au partage de leurs expériences et prodigue des conseils à destination des porteurs de projets.<br></p>



<p>L’association peut aussi apporter des conseils sur les aides financières et les avantages fiscaux dont le demandeur peut éventuellement bénéficier.<br></p>



<p>L’association, qui diffuse une documentation pratique spécialisée (murs en pierres sèches…, couleurs et matériaux).</p>



<p>Elle sera représentée à la Commission Locale, participera à ses travaux.</p>

<p>Notre association a été créée en 2015 avec pour objet social : la mise en valeur de la ville de Semur-en-Auxois, de son patrimoine historique, architectural, paysager et culturel. Découvrez notre présentation. Nous sommes un groupe de passionnés de notre</p>
